4209786 is divided by 611?
607
Calculate the remainder when 25461 is divided by 64.
53
What is the remainder when 558404 is divided by 2621?
131
What is the remainder when 22519248 is divided by 82?
80
Calculate the remainder when 11000674 is divided by 47.
42
What is the remainder when 16967 is divided by 410?
157
What is the remainder when 241083 is divided by 784?
395
What is the remainder when 5857000 is divided by 2578?
2362
What is the remainder when 490769 is divided by 490212?
557
Calculate the remainder when 435461 is divided by 2976.
965
Calculate the remainder when 681445 is divided by 34072.
5
Calculate the remainder when 190945 is divided by 1463.
755
What is the remainder when 565949 is divided by 141253?
937
What is the remainder when 1240885 is divided by 2298?
2263
Calculate the remainder when 2483836 is divided by 496736.
156
Calculate the remainder when 1753400 is divided by 1753386.
14
What is the remainder when 21136521 is divided by 1009?
998
Calculate the remainder when 435163 is divided by 2339.
109
What is the remainder when 42917 is divided by 2162?
1839
Calculate the remainder when 244513 is divided by 433.
301
Calculate the remainder when 5835081 is divided by 1645.
266
Calculate the remainder when 201574 is divided by 23878.
10550
Calculate the remainder when 2193703 is divided by 243742.
25
Calculate the remainder when 11338 is divided by 2208.
298
What is the remainder when 6809184 is divided by 122?
120
What is the remainder when 47358837 is divided by 92?
89
Calculate the remainder when 4087343 is divided by 1362365.
248
Calculate the remainder when 1253926 is divided by 1612.
1402
Calculate the remainder when 2007560 is divided by 160.
40
Calculate the remainder when 257458 is divided by 1424.
1138
Calculate the remainder when 381214 is divided by 1162.
78
What is the remainder when 34373699 is divided by 1517?
1513
What is the remainder when 20298759 is divided by 76?
71
What is the remainder when 10080198 is divided by 17?
14
Calculate the remainder when 333154 is divided by 333066.
88
What is the remainder when 37081 is divided by 34023?
3058
Calculate the remainder when 1935924 is divided by 293.
73
Calculate the remainder when 1192448 is divided by 4848.
4688
What is the remainder when 12309969 is divided by 1516?
49
Calculate the remainder when 5259795 is divided by 952.
947
Calculate the remainder when 71419 is divided by 6988.
1539
What is the remainder when 104102 is divided by 14871?
5
What is the remainder when 593670 is divided by 45?
30
What is the remainder when 63948 is divided by 2200?
148
Calculate the remainder when 2361430 is divided by 5123.
4850
What is the remainder when 6368 is divided by 5451?
917
Calculate the remainder when 34608282 is divided by 1651.
20
Calculate the remainder when 353274178 is divided by 299.
296
Calculate the remainder when 16758919 is divided by 3821.
13
Calculate the remainder when 3099435 is divided by 15976.
91
What is the remainder when 25028 is divided by 2510?
2438
What is the remainder when 53726879 is divided by 80?
79
What is the remainder when 194509 is divided by 3603?
3550
What is the remainder when 78128470 is divided by 26042812?
34
Calculate the remainder when 28658254 is divided by 7164544.
78
Calculate the remainder when 83633911 is divided by 47.
43
Calculate the remainder when 11507869 is divided by 1042.
21
What is the remainder when 23173 is divided by 2362?
1915
Calculate the remainder when 684557 is divided by 15120.
4157
What is the remainder when 4799795 is divided by 10169?
27
Calculate the remainder when 100176410 is divided by 113.
102
Calculate the remainder when 43568 is divided by 587.
130
What is the remainder when 845486 is divided by 1223?
393
Calculate the remainder when 509704 is divided by 127402.
96
What is the remainder when 211006 is divided by 6374?
664
What is the remainder when 40642723 is divided by 860?
843
Calculate the remainder when 10989249 is divided by 40.
9
What is the remainder when 2849757 is divided by 66?
9
Calculate the remainder when 78385 is divided by 9378.
3361
Calculate the remainder when 63052 is divided by 61923.
1129
What is the remainder when 61795015 is divided by 19?
4
Calculate the remainder when 2722209 is divided by 1816.
25
Calculate the remainder when 61179 is divided by 20053.
1020
What is the remainder when 19259 is divided by 3510?
1709
Calculate the remainder when 24986 is divided by 2477.
216
Calculate the remainder when 981213 is divided by 4104.
357
What is the remainder when 49328230 is divided by 7046889?
7
Calculate the remainder when 533284 is divided by 26.
24
Calculate the remainder when 283861 is divided by 275686.
8175
What is the remainder when 30464374 is divided by 79?
78
What is the remainder when 13818147 is divided by 4218?
4197
Calculate the remainder when 41973 is divided by 3798.
195
Calculate the remainder when 254006 is divided by 125498.
3010
What is the remainder when 118074 is divided by 1423?
1388
What is the remainder when 24359331 is divided by 32?
3
What is the remainder when 6371057 is divided by 656?
641
Calculate the remainder when 154478666 is divided by 52.
30
Calculate the remainder when 12281554 is divided by 98252.
54
Calculate the remainder when 6648649 is divided by 1329726.
19
Calculate the remainder when 19262078 is divided by 1165.
1133
Calculate the remainder when 1472869 is divided by 584.
21
What is the remainder when 449854 is divided by 31?
13
Calculate the remainder when 3170403 is divided by 1625.
28
Calculate the remainder when 2929178 is divided by 23.
13
Calculate the remainder when 624259 is divided by 24959.
284
Calculate the remainder when 17656 is divided by 2569.
2242
Calculate the remainder when 129100745 is divided by 28.
25
Calculate the remainder when 4195550 is divided by 1279.
430
What is the remainder when 4140330 is divided by 16?
10
Calculate the remainder when 516402 is divided by 28679.
180
Calculate the remainder when 144714 is divided by 14446.
254
What is the remainder when 255137 is divided by 1037?
35
Calculate the remainder when 4212420 is divided by 4212374.
46
What is the remainder when 384088 is divided by 2221?
2076
Calculate the remainder when 25976755 is divided by 3029.
51
Calculate the remainder when 11828755 is divided by 955.
125
Calculate the remainder when 19729205 is divided by 279.
278
What is the remainder when 573380 is divided by 57329?
90
Calculate the remainder when 1138589 is divided by 379505.
74
Calculate the remainder when 4309119 is divided by 6365.
14
What is the remainder when 571645 is divided by 2415?
1705
What is the remainder when 720482 is divided by 2971?
1500
Calculate the remainder when 3076966 is divided by 1461.
100
What is the remainder when 3677 is divided by 1434?
809
Calculate the remainder when 2388708981 is divided by 11.
10
What is the remainder when 20149277 is divided by 142?
45
Calculate the remainder when 19889960 is divided by 7956.
7916
What is the remainder when 25728489 is divided by 2720?
9
What is the remainder when 3330044 is divided by 118928?
60
Calculate the remainder when 122257 is divided by 273.
226
Calculate the remainder when 373086 is divided by 189.
0
What is the remainder when 19123 is divided by 9326?
471
Calculate the remainder when 62465 is divided by 15559.
229
Calculate the remainder when 64093177 is divided by 71.
57
What is the remainder when 131601 is divided by 32870?
121
Calculate the remainder when 9156839 is divided by 190.
169
Calculate the remainder when 30020224 is divided by 12.
4
Calculate the remainder when 23003808 is divided by 258.
12
What is the remainder when 85828 is divided by 450?
328
Calculate the remainder when 415138 is divided by 1743.
304
Calculate the remainder when 4535273 is divided by 620.
593
What is the remainder when 2484012 is divided by 110?
102
What is the remainder when 926814 is divided by 308870?
204
What is the remainder when 32878 is divided by 8217?
10
What is the remainder when 227633 is divided by 11958?
431
What is the remainder when 94084 is divided by 6832?
5268
Calculate the remainder when 34495 is divided by 33956.
539
Calculate the remainder when 4750185 is divided by 1279.
1258
What is the r